(-548)/6*9/d is divided by q?
32
Let c = 75 - 73. Suppose -2*p - c*q = -44, 4*p = 2*p - 3*q + 47. Suppose p*i - 354 = 13*i. Calculate the remainder when i is divided by 12.
11
Let v = 117 + 219. Suppose 3*c - v = -327. What is the remainder when 14 is divided by c?
2
Suppose -61*l + 57*l + 32 = 0. Suppose -4*d = -l, -4*p + 1317 = -d - 109. What is the remainder when p is divided by 36?
33
Let v(m) = 110*m**3 - 16*m**2 + 22*m - 6. Calculate the remainder when 412 is divided by v(1).
82
Let p = 116 - -212. Suppose -4560 + 201 + 204 = -277*h. What is the remainder when p is divided by h?
13
Let i(t) = 12*t + 1017. What is the remainder when 4197 is divided by i(-83)?
18
Suppose -5*f = -326 - 24. Suppose b - 5*d + 2*d - 21 = 0, 4*b - 3*d = 84. Suppose -5*h + 1 = 26, 0 = x + 3*h - b. What is the remainder when f is divided by x?
34
Let d(f) = 16*f**2 - 9*f - 22. Suppose -4 = 4*w + 3*i - 2*i, -4*w - 24 = -4*i. Calculate the remainder when d(w) is divided by 28.
4
Let q(w) = -w**3 + 138*w**2 + 6*w - 440. Calculate the remainder when q(138) is divided by 212.
176
Calculate the remainder when 137 is divided by (3 + (-91)/21)/(10/(-300)).
17
Let z(i) = 3*i - 62. Let j be z(24). Let n(u) = 6*u - 58. Let k be n(j). Suppose -k*v + 18 = -4. Calculate the remainder when 62 is divided by v.
7
Let v = -5175 - -9320. Calculate the remainder when v is divided by 11.
9
Suppose 5*l - 24 + 4 = -y, -5*l = -20. Suppose -b - 1 = y, 4*s + 5*b - 13 = 2. Suppose -s*o + 15 = -2*o. Calculate the remainder when 9 is divided by o.
4
Suppose 0*u - 5*t = -2*u + 57, -2*u + 27 = t. Let k(a) = -a**2 + 5. Let v be k(3). What is the remainder when ((-332)/(-8) - 4)*v/(-5) is divided by u?
14
Suppose 2*d - 35 = -4*q + 29, -5*q + 106 = -4*d. What is the remainder when 2515 is divided by q?
13
Let s = -10 + 54. Let k = s + -24. Calculate the remainder when 117 is divided by k.
17
Let h(r) = 3*r + 1. What is the remainder when (1 - (3 + -12))*(-24)/(-16) is divided by h(3)?
5
Suppose -4*g = 2 + 2. Calculate the remainder when (2132/(-130) - -14)*200/(-6) is divided by ((-1)/(-1))/(g/(-17)).
12
Let h(y) = -y**2 + 30*y + 345. Calculate the remainder when 339 is divided by h(35).
169
Let x be -8*(-2)/(-4)*1 + 746. Let v = -451 + x. Calculate the remainder when v is divided by 49.
46
Let j(z) = 155*z - 2326. Calculate the remainder when j(24) is divided by 198.
8
Suppose 131*g - 684664 = -451*g + 703406. What is the remainder when g is divided by 474?
15
Let u be 6/(-2)*(-2 - 194/(-3)). Let q = u + 205. Calculate the remainder when 98 is divided by q.
13
Let d be (-2 - -396)/2 + (2 - 4). Suppose -d = 3*w - 279. Calculate the remainder when 92 is divided by w.
8
Suppose 0 = -872*f + 862*f + 38210. Calculate the remainder when f is divided by 25.
21
Suppose w = 5*t + 23, 7*t = 3*t - 16. Suppose -8*p - 3*d - 57 = -9*p, -p - w*d + 27 = 0. What is the remainder when 112 is divided by p?
28
Let z(y) = -23*y**3 - 2*y**2 + 3*y - 1. Let f be z(1). Let u(q) = q**3 + 4. Let a be u(4). Let r = f + a. Calculate the remainder when 133 is divided by r.
43
Suppose 58*z - 59*z = -5*b - 75, -5*z + 4*b = -501. What is the remainder when 119 is divided by z?
14
Suppose 0 = -13*r + 23*r + 46*r - 448. What is the remainder when 174 is divided by r?
6
Suppose i - 4 = 6. Suppose -v = 5*k - 26, -6*k = -k - i. Let n(g) = g**2 - 13*g - 23. What is the remainder when n(v) is divided by 9?
7
Let m(o) = -8*o**2 - 7*o - 1. Let r be m(5). Let z = r - -334. Let u(a) = -4*a**2 + 223*a - 132. Calculate the remainder when z is divided by u(55).
32
Suppose 4*j = 0, 2*j - 123 = -2*n + 45. What is the remainder when 584/1 - 0*(-13)/195 is divided by n?
80
Suppose -42675*v = -42759*v + 3024. Calculate the remainder when 2/8 - 1062/(-8) is divided by v.
25
Let d be (-132)/((-16)/4) - 0. What is the remainder when 81 is divided by (d/6 + -6)*-28?
11
Calculate the remainder when (-68)/1530*9 - 8162/(-5) is divided by 38.
36
Let f(h) = h**2 - 42*h + 260. Calculate the remainder when 1137 is divided by f(7).
12
Let o = 17 - 13. What is the remainder when 554 is divided by 4*(17/o + 5)?
36
Suppose -39 = -c + 7*y - 6*y, c + 2*y = 48. What is the remainder when 3989 is divided by c?
41
Let j be 3 + (-12)/(-4) + -7. Let k be 2/12 - (-250)/(-60). Calculate the remainder when -6*(-10)/k*(j + 0) is divided by 10.
5
Let u = 7192 + -6997. Calculate the remainder when 6822 is divided by u.
192
Suppose -351*t + 350*t + 2*q + 527 = 0, t - 534 = -5*q. Calculate the remainder when t is divided by 62.
33
Suppose 4*s = -5*z - 148, -6*z + 3*z + 2*s - 80 = 0. Let f = z - -48. Suppose 3*h + 5*t = 45, f = 2*h + t - 3. What is the remainder when 29 is divided by h?
9
Suppose 35 = -5*o + 15, 2*n - 8714 = 4*o. What is the remainder when n is divided by 10?
9
Suppose m - 311 - 196 = -p, m = -4*p + 498. Suppose 515*x - 65 = m*x. Suppose b + 0*b - 7 = 0. What is the remainder when x is divided by b?
6
Let q be 4 + ((-36)/6 - 4). Let h(y) = -y**2 - 10*y - 21. What is the remainder when h(q) is divided by 3?
0
Suppose -10*v - 3937 = -4517. Calculate the remainder when 233 is divided by v.
1
Let a = 68 + -41. Let r(t) = 2*t - 5. Let s be r(4). Suppose -72 = -4*u - 2*o, -s*u + 44 = -0*o - o. Calculate the remainder when a is divided by u.
11
Suppose -10681 = 491*h - 496*h - 3*x, -3*h - 4*x + 6424 = 0. Calculate the remainder when h is divided by 236.
8
Let v(u) = 43*u - 3217. Suppose 3*q + 214 = 25. Let l = q + 91. What is the remainder when l is divided by v(75)?
4
Suppose 123*c - 21312 = -99*c. Calculate the remainder when 2015 is divided by c.
95
Let f(c) be the second derivative of -c**5/20 - c**3/6 - c**2 + 66*c. Calculate the remainder when 48 is divided by f(-3).
20
Let g = 68 + -72. Let b(r) = -6*r**2 - 2*r + 2. Let a(y) = 6*y**2 + 3*y - 1. Let h(w) = g*a(w) - 5*b(w). What is the remainder when 22 is divided by h(2)?
8
Suppose -4*x + 507 = -5*p - 1253, -2*x = 2*p - 862. What is the remainder when x is divided by 23?
21
Let d = 871 + -502. Calculate the remainder when d is divided by 94.
87
Suppose 67*q = 2*w + 63*q - 2276, -2*q = -12. Calculate the remainder when w is divided by 167.
148
Suppose 1119*i - 1118*i + 5*g = 226, -3*i + 678 = 2*g. What is the remainder when 435 is divided by i?
209
Let l = 11126 + -5683. What is the remainder when l is divided by 33?
31
Suppose -3*m + 466*l - 464*l = -230, 5*l = -m + 54. What is the remainder when m is divided by ((-7)/3)/((-4)/24)?
4
Let w = -9 + 19. Let u(o) = 18*o + 131. Let c be u(-8). Let p(q) = -2*q**3 - 25*q**2 + 11*q - 8. Calculate the remainder when p(c) is divided by w.
8
Let n(h) = -3*h**2 + 95*h - 17. Let t(p) = -6*p + 53. Calculate the remainder when t(-6) is divided by n(31).
44
Suppose -766 - 911 = -31*k - 251. Calculate the remainder when 1325 is divided by k.
37
Let h = -5 - -8. Let a = -15182 + 15185. Suppose o - a = -0*o + h*g, 0 = o - 5*g + 7. Calculate the remainder when o is divided by 5.
3
Let d(v) = v**2 - 12*v + 7. Let g be d(12). Suppose -u - g*u + 312 = 0. Let w = u + -27. Calculate the remainder when 58 is divided by w.
10
Let m = -18 + 38. Let d be 3*-7 + m/(-5). Let f = d - -78. What is the remainder when f is divided by 14?
11
Let w = -735 + 773. Suppose 3*y = 174 + 90. Calculate the remainder when y is divided by w.
12
Suppose -320*b + 289*b = -32271. What is the remainder when b is divided by 36?
33
Let b(s) = 7 + 11*s - 3*s - 19*s**2 + 25*s**2. Let g be b(-5). Let n = g - 107. What is the remainder when 11 is divided by n?
1
Let u be (-2)/(-10) + 13/(-65). Suppose u = a + a + 2*v - 28, v = -4*a + 47. What is the remainder when a is divided by 2?
1
Let x(q) = -2*q**2 + 329*q - 2594. Let w = -183 - -292. What is the remainder when w is divided by x(156)?
51
Suppose 2*z - 3*z = 0. Suppose 0 = 5*g - 4*y - 193, z*y - 2 = y. What is the remainder when (-2322)/(-18 - -9) + 0 is divided by g?
36
Let c(x) = -2*x**3 + 9*x**2 + 14*x + 7. What is the remainder when c(-6) is divided by 673?
6
Suppose -7*l = -2*l - 240. Suppose l = -m + 4*m. Let w(t) = -2*t**3 - t + 3. What is the remainder when w(-3) is divided by m?
12
Suppose h - 32 = -4*r, -1545*h + 1544*h - 5*r = -38. What is the remainder when 731 is divided by h?
3
Suppose -1326 = -121*c + 95*c. What is the remainder when 378 is 